{"id":1334,"date":"2019-12-20T12:00:11","date_gmt":"2019-12-20T14:30:11","guid":{"rendered":"http:\/\/mariellebennezon.com\/?page_id=1334"},"modified":"2021-06-09T13:23:39","modified_gmt":"2021-06-09T15:53:39","slug":"cv","status":"publish","type":"page","link":"https:\/\/mariellebennezon.com\/?page_id=1334","title":{"rendered":"CV"},"content":{"rendered":"\n<p><strong>Marielle Bennezon<\/strong><\/p>\n\n\n\n<p>N\u00e9e le 2 mai 1967<\/p>\n\n\n\n<p><strong>Expositions personnelles&nbsp;<\/strong><\/p>\n\n\n\n<p>2021\u00a0: Juin &#8211; Juillet : \u00a0Poteaux d\u2019angle, Bourges, 18<\/p>\n\n\n\n<p>2020&nbsp;: F\u00e9vrier-Mars&nbsp;: \u00ab&nbsp;contre-uns\u00bb,\nAnnexe, Saint-Avertin, 37<\/p>\n\n\n\n<p>2017&nbsp;: Juillet-Septembre&nbsp;: \u00abParties\nimmerg\u00e9es&nbsp;\u00bb, Art Boretum, Argenton-sur-Creuse, 36<\/p>\n\n\n\n<p>2015 : Octobre : Atelier Mode d\u2019Emploi,\nAtelier de la Morinerie, Saint Pierre des Corps, 37<\/p>\n\n\n\n<p>2015 : Mai&nbsp;: Accrochage, Atelier de\nla Morinerie, Saint Pierre des Corps, 37<\/p>\n\n\n\n<p>2014 : Octobre-novembre&nbsp;: All\u00e9gorie,\nl\u2019atelier de Vermeer, Identit\u00e9 Remarquable, Orl\u00e9ans, 45<\/p>\n\n\n\n<p>2014 : Mai&nbsp;: Accrochage, Atelier de\nla Morinerie, Saint Pierre des Corps, 37<\/p>\n\n\n\n<p>2011 : Octobre : Atelier Mode d\u2019Emploi, le\nBled, Saint Pierre des Corps, 37<\/p>\n\n\n\n<p>2010 : Octobre&nbsp;: Atelier Mode d\u2019Emploi, Atelier Y. Bouquard, Tours, 37<\/p>\n\n\n\n<p><strong>Expositions collectives<\/strong><\/p>\n\n\n\n<p>2017&nbsp;: \u00abL\u2019actuel\u00bb, Galerie\n\u00e9pisodique, Paris, 75<\/p>\n\n\n\n<p>2016 : \u2018Si loin, si proche\u2019, Artcuterie,\nPoitiers, 86 &nbsp;<\/p>\n\n\n\n<p>2013&nbsp;: \u2018Exuvie\u2019, Esbat TALM, Tours,\n37<\/p>\n\n\n\n<p>1992&nbsp;: \u2018Saint Germain des Beaux-Arts\u2019, H\u00f4tel de la Monnaie, Paris, 75<\/p>\n\n\n\n<p><strong>Concours<\/strong><\/p>\n\n\n\n<p>1992&nbsp;: \u20182<sup>\u00e8me<\/sup> prix Saint Germain des Beaux-Arts\u2019, H\u00f4tel de la Monnaie, Paris<\/p>\n\n\n\n<p>1989&nbsp;: R\u00e9alisation d\u2019une fresque murale d\u2019une usine de traitement des eaux us\u00e9es, Tours<\/p>\n\n\n\n<p><strong>Autre <\/strong><\/p>\n\n\n\n<p>2014-2015&#8230; : Fondatrice d\u2019un collectif\nd\u2019artistes ayant pour objectif d\u2019organiser un <\/p>\n\n\n\n<p>centre d\u2019art \u00e9ph\u00e9m\u00e8re participatif.<\/p>\n\n\n\n<p>2006&nbsp;: R\u00e9alisation d\u2019un court m\u00e9trage\nen partenariat avec l\u2019atelier super 8, Tours<\/p>\n\n\n\n<p>2005&nbsp;: R\u00e9alisation d\u2019un court m\u00e9trage\nen partenariat avec l\u2019atelier super 8, Tours<\/p>\n\n\n\n<p>Divers engagements associatifs<\/p>\n\n\n\n<p><strong>Formation&nbsp;artistique <\/strong><\/p>\n\n\n\n<p>1991\n: DNSEP, \u00c9cole r\u00e9gionale des beaux-arts de Tours<\/p>\n\n\n\n<p>1990\n: Janvier-f\u00e9vrier, Fine Art School, Falmouth, Royaume-Uni<\/p>\n\n\n\n<p>1989\n: DNAP, \u00c9cole r\u00e9gionale des beaux-arts de Tours<\/p>\n","protected":false},"excerpt":{"rendered":"<p>Marielle Bennezon N\u00e9e le 2 mai 1967 Expositions personnelles&nbsp; 2021\u00a0: Juin &#8211; Juillet : \u00a0Poteaux d\u2019angle, Bourges, 18 2020&nbsp;: F\u00e9vrier-Mars&nbsp;: \u00ab&nbsp;contre-uns\u00bb, Annexe, Saint-Avertin, 37 2017&nbsp;: Juillet-Septembre&nbsp;: \u00abParties immerg\u00e9es&nbsp;\u00bb, Art Boretum, Argenton-sur-Creuse, 36 2015 : Octobre : Atelier Mode d\u2019Emploi, Atelier de la Morinerie, Saint Pierre des Corps, 37 2015 : Mai&nbsp;: Accrochage, Atelier de la [&hellip;]<\/p>\n","protected":false},"author":1,"featured_media":0,"parent":0,"menu_order":0,"comment_status":"closed","ping_status":"closed","template":"","meta":{"footnotes":""},"class_list":["post-1334","page","type-page","status-publish","hentry","missing-thumbnail"],"_links":{"self":[{"href":"https:\/\/mariellebennezon.com\/index.php?rest_route=\/wp\/v2\/pages\/1334","targetHints":{"allow":["GET"]}}],"collection":[{"href":"https:\/\/mariellebennezon.com\/index.php?rest_route=\/wp\/v2\/pages"}],"about":[{"href":"https:\/\/mariellebennezon.com\/index.php?rest_route=\/wp\/v2\/types\/page"}],"author":[{"embeddable":true,"href":"https:\/\/mariellebennezon.com\/index.php?rest_route=\/wp\/v2\/users\/1"}],"replies":[{"embeddable":true,"href":"https:\/\/mariellebennezon.com\/index.php?rest_route=%2Fwp%2Fv2%2Fcomments&post=1334"}],"version-history":[{"count":3,"href":"https:\/\/mariellebennezon.com\/index.php?rest_route=\/wp\/v2\/pages\/1334\/revisions"}],"predecessor-version":[{"id":1607,"href":"https:\/\/mariellebennezon.com\/index.php?rest_route=\/wp\/v2\/pages\/1334\/revisions\/1607"}],"wp:attachment":[{"href":"https:\/\/mariellebennezon.com\/index.php?rest_route=%2Fwp%2Fv2%2Fmedia&parent=1334"}],"curies":[{"name":"wp","href":"https:\/\/api.w.org\/{rel}","templated":true}]}}

<p><strong>Marielle Bennezon</strong></p>



<p>Née le 2 mai 1967</p>



<p><strong>Expositions personnelles&nbsp;</strong></p>



<p>2021 : Juin &#8211; Juillet :  Poteaux d’angle, Bourges, 18</p>



<p>2020&nbsp;: Février-Mars&nbsp;: «&nbsp;contre-uns»,
Annexe, Saint-Avertin, 37</p>



<p>2017&nbsp;: Juillet-Septembre&nbsp;: «Parties
immergées&nbsp;», Art Boretum, Argenton-sur-Creuse, 36</p>



<p>2015 : Octobre : Atelier Mode d’Emploi,
Atelier de la Morinerie, Saint Pierre des Corps, 37</p>



<p>2015 : Mai&nbsp;: Accrochage, Atelier de
la Morinerie, Saint Pierre des Corps, 37</p>



<p>2014 : Octobre-novembre&nbsp;: Allégorie,
l’atelier de Vermeer, Identité Remarquable, Orléans, 45</p>



<p>2014 : Mai&nbsp;: Accrochage, Atelier de
la Morinerie, Saint Pierre des Corps, 37</p>



<p>2011 : Octobre : Atelier Mode d’Emploi, le
Bled, Saint Pierre des Corps, 37</p>



<p>2010 : Octobre&nbsp;: Atelier Mode d’Emploi, Atelier Y. Bouquard, Tours, 37</p>



<p><strong>Expositions collectives</strong></p>



<p>2017&nbsp;: «L’actuel», Galerie
épisodique, Paris, 75</p>



<p>2016 : ‘Si loin, si proche’, Artcuterie,
Poitiers, 86 &nbsp;</p>



<p>2013&nbsp;: ‘Exuvie’, Esbat TALM, Tours,
37</p>



<p>1992&nbsp;: ‘Saint Germain des Beaux-Arts’, Hôtel de la Monnaie, Paris, 75</p>



<p><strong>Concours</strong></p>



<p>1992&nbsp;: ‘2<sup>ème</sup> prix Saint Germain des Beaux-Arts’, Hôtel de la Monnaie, Paris</p>



<p>1989&nbsp;: Réalisation d’une fresque murale d’une usine de traitement des eaux usées, Tours</p>



<p><strong>Autre </strong></p>



<p>2014-2015&#8230; : Fondatrice d’un collectif
d’artistes ayant pour objectif d’organiser un </p>



<p>centre d’art éphémère participatif.</p>



<p>2006&nbsp;: Réalisation d’un court métrage
en partenariat avec l’atelier super 8, Tours</p>



<p>2005&nbsp;: Réalisation d’un court métrage
en partenariat avec l’atelier super 8, Tours</p>



<p>Divers engagements associatifs</p>



<p><strong>Formation&nbsp;artistique </strong></p>



<p>1991
: DNSEP, École régionale des beaux-arts de Tours</p>



<p>1990
: Janvier-février, Fine Art School, Falmouth, Royaume-Uni</p>



<p>1989
: DNAP, École régionale des beaux-arts de Tours</p>

<p>Marielle Bennezon Née le 2 mai 1967 Expositions personnelles&nbsp; 2021 : Juin &#8211; Juillet :  Poteaux d’angle, Bourges, 18 2020&nbsp;: Février-Mars&nbsp;: «&nbsp;contre-uns», Annexe, Saint-Avertin, 37 2017&nbsp;: Juillet-Septembre&nbsp;: «Parties immergées&nbsp;», Art Boretum, Argenton-sur-Creuse, 36 2015 : Octobre : Atelier Mode d’Emploi, Atelier de la Morinerie, Saint Pierre des Corps, 37 2015 : Mai&nbsp;: Accrochage, Atelier de la [&hellip;]</p>
